{"id":1640,"date":"2016-10-27T03:23:40","date_gmt":"2016-10-27T09:23:40","guid":{"rendered":"http:\/\/mrc.skola.edu.mt\/?page_id=1640"},"modified":"2016-10-27T03:37:25","modified_gmt":"2016-10-27T09:37:25","slug":"year-6-2016","status":"publish","type":"page","link":"https:\/\/mrc.skola.edu.mt\/?page_id=1640","title":{"rendered":"Year 6 &#8211; 2016"},"content":{"rendered":"<p><a href=\"http:\/\/mrc.skola.edu.mt\/wp-content\/uploads\/2016\/10\/English-Listening-Comprehension_Pupils-Copy_Yr6-HY2016.pdf\" target=\"_blank\">English Listening Comprehension<\/a><\/p>\n<p><a href=\"http:\/\/mrc.skola.edu.mt\/wp-content\/uploads\/2016\/10\/English-Reading-Comprehension-Language-Writing-Paper_Pupils-Copy_Yr6-HY2016.pdf\" target=\"_blank\">English Reading Comprehension<\/a><\/p>\n<p><a href=\"http:\/\/mrc.skola.edu.mt\/wp-content\/uploads\/2016\/10\/English-Written_Pupils-Copy_Yr6-HY2016.pdf\" target=\"_blank\">English Written<\/a><\/p>\n<p><a href=\"http:\/\/mrc.skola.edu.mt\/wp-content\/uploads\/2016\/10\/Malti-Fehim-mill-Qari_Karta-tal-Istudent_Yr6-HY2016.pdf\" target=\"_blank\">Malti Fehim mill-Qari<\/a><\/p>\n<p><a href=\"http:\/\/mrc.skola.edu.mt\/wp-content\/uploads\/2016\/10\/Malti-Fehim-mill-Qari_Insert_Yr6-HY2016.pdf\" target=\"_blank\">Malti Fehim mill-Qari (Insert)<\/a><\/p>\n<p><a href=\"http:\/\/mrc.skola.edu.mt\/wp-content\/uploads\/2016\/10\/Malti-Fehim-mis-Smig\u0127_Karta-tal-Istudent_Yr6-HY2016.pdf\" target=\"_blank\">Malti Fehim mis-Smig\u0127<\/a><\/p>\n<p><a href=\"http:\/\/mrc.skola.edu.mt\/wp-content\/uploads\/2016\/10\/Malti-Kitba_Karta-tal-iStudent_Yr6-HY-2016.pdf\" target=\"_blank\">Malti Kitba<\/a><\/p>\n<p><a href=\"http:\/\/mrc.skola.edu.mt\/wp-content\/uploads\/2016\/10\/Maths-Mental_Pupils-Paper_Yr6_HY2016.pdf\" target=\"_blank\">Maths Mental<\/a><\/p>\n<p><a href=\"http:\/\/mrc.skola.edu.mt\/wp-content\/uploads\/2016\/10\/Maths-Written_Yr6_HY2016_HY2016.pdf\" target=\"_blank\">Maths Written<\/a><\/p>\n<p><a href=\"http:\/\/mrc.skola.edu.mt\/wp-content\/uploads\/2016\/10\/Religjon_Pupils-CopyEnglish-Version_YR6HY2016.pd\" target=\"_blank\">Religion<\/a><\/p>\n<p><a href=\"http:\/\/mrc.skola.edu.mt\/wp-content\/uploads\/2016\/10\/Religjon_Karta-tal-IstudentMaltese-Version_YR6HY2016.pdf\" target=\"_blank\">Reli\u0121jon<\/a><\/p>\n<p><a href=\"http:\/\/mrc.skola.edu.mt\/wp-content\/uploads\/2016\/10\/Social-Studies_Pupils-Copy-English-Version_Yr-6.pdf\" target=\"_blank\">Social Studies<\/a><\/p>\n<p><a href=\"http:\/\/mrc.skola.edu.mt\/wp-content\/uploads\/2016\/10\/Studji-Socjali_Karta-tal-Istudenti-Maltese-Version_Yr-6.pdf\" target=\"_blank\">Studji So\u010bjali<\/a><\/p>\n","protected":false},"excerpt":{"rendered":"<p>English Listening Comprehension English Reading Comprehension English Written Malti Fehim mill-Qari Malti Fehim mill-Qari (Insert) Malti Fehim mis-Smig\u0127 Malti Kitba Maths Mental Maths Written Religion Reli\u0121jon Social Studies Studji So\u010bjali<\/p>\n","protected":false},"author":1,"featured_media":0,"parent":1337,"menu_order":0,"comment_status":"closed","ping_status":"closed","template":"","meta":{"footnotes":""},"class_list":["post-1640","page","type-page","status-publish","hentry"],"_links":{"self":[{"href":"https:\/\/mrc.skola.edu.mt\/index.php?rest_route=\/wp\/v2\/pages\/1640","targetHints":{"allow":["GET"]}}],"collection":[{"href":"https:\/\/mrc.skola.edu.mt\/index.php?rest_route=\/wp\/v2\/pages"}],"about":[{"href":"https:\/\/mrc.skola.edu.mt\/index.php?rest_route=\/wp\/v2\/types\/page"}],"author":[{"embeddable":true,"href":"https:\/\/mrc.skola.edu.mt\/index.php?rest_route=\/wp\/v2\/users\/1"}],"replies":[{"embeddable":true,"href":"https:\/\/mrc.skola.edu.mt\/index.php?rest_route=%2Fwp%2Fv2%2Fcomments&post=1640"}],"version-history":[{"count":14,"href":"https:\/\/mrc.skola.edu.mt\/index.php?rest_route=\/wp\/v2\/pages\/1640\/revisions"}],"predecessor-version":[{"id":1667,"href":"https:\/\/mrc.skola.edu.mt\/index.php?rest_route=\/wp\/v2\/pages\/1640\/revisions\/1667"}],"up":[{"embeddable":true,"href":"https:\/\/mrc.skola.edu.mt\/index.php?rest_route=\/wp\/v2\/pages\/1337"}],"wp:attachment":[{"href":"https:\/\/mrc.skola.edu.mt\/index.php?rest_route=%2Fwp%2Fv2%2Fmedia&parent=1640"}],"curies":[{"name":"wp","href":"https:\/\/api.w.org\/{rel}","templated":true}]}}